t of (-21)/98*-2 - 4228266/(-98)?
1
Let w = 120 + -117. What is the tens digit of (64500/35)/w - 2/7?
1
Let k = 117 + -114. What is the tens digit of (165/(-20))/(k/(-52))?
4
What is the thousands digit of 3/51 + 12574284/4692?
2
Let v be (-2691)/(-36) + 18/(-24). Suppose 0 = 6*n - 3*n + 6. What is the units digit of n + 8/(-4) + v?
0
Let w be (-8)/(-20) + 40/25. Let m be ((-46)/(-36) + 16/72)*w. Suppose 7*x - 3*c = m*x + 359, -2*x + 167 = c. What is the units digit of x?
6
Let d(s) = 773*s**2 - 100*s + 478. What is the thousands digit of d(5)?
9
Let i(z) be the second derivative of -z**5/20 - 3*z**4/4 - 3*z**3 + 17*z**2/2 + 32*z. What is the tens digit of i(-10)?
9
Suppose 2*r = -14, -8339 = -3*m + 2*m - r. What is the thousands digit of m?
8
Let t = 4326 - 1115. What is the hundreds digit of t?
2
Suppose -3881 + 21942 = 2*j - 3*v, j - 9017 = -3*v. What is the units digit of j?
6
Let y = 9800 - 5733. What is the units digit of y?
7
Suppose -s - 19 = 3*r - 2*r, 0 = -s + 5*r - 1. Let h(l) = -14*l + 55. What is the hundreds digit of h(s)?
2
Suppose -4*f - 124 = -2*b, -5*f - 13 = -3*b + 177. Let i(j) = 3*j + b - 31 - 35. What is the tens digit of i(8)?
2
Suppose 378*m - 188*m - 173*m = 450228. What is the hundreds digit of m?
4
Let o(w) = 18*w - 27. Let b be o(3). Suppose -4*g - b*n + 4936 = -31*n, 0 = 4*g - 2*n - 4940. What is the units digit of g?
6
Let u(l) = 2*l**3 + 29*l**2 + 10*l + 21. Let v be u(-14). Let n = v - -261. Let j = n + -102. What is the tens digit of j?
3
Let a(z) = -2*z**2 + 31*z - 48. Let q be a(14). What is the hundreds digit of ((-13)/(-78)*-9)/(q/3016)?
7
Suppose 5*l = -389 - 161. Let i = 104 + l. Let q(o) = 4*o**2 + 7*o + 10. What is the tens digit of q(i)?
1
Let u(s) = 4*s**3 - 11*s**2 + 65*s + 77. What is the hundreds digit of u(18)?
0
Let f = 13774 + 725. What is the thousands digit of f?
4
What is the thousands digit of (-264)/(-440)*18670/6?
1
Let v = 1057 - 667. What is the tens digit of v/2 - 4*(0 - -1)?
9
What is the hundreds digit of (-13216 - 1)*(5/1)/(160/(-64))?
4
What is the units digit of 16995/11*(-115)/(-25)?
7
Let z be -3 + -4 + -445 - (-6 + 2). Let l = -351 - z. What is the units digit of l?
7
What is the tens digit of -999 + 44128 + (-2 - (0 - 2))?
2
Let t = 40746 + -23007. What is the thousands digit of t?
7
Suppose 4*u = -5*k + 32690, 2*u + k - 9868 = 6468. What is the units digit of u?
5
What is the hundreds digit of 32328/(-54)*-60 + 18?
9
Let b(y) = y + 3. Let q(g) = 2*g + 5. Let s be q(-3). Let k be b(s). Suppose -80 = -2*w + k*a, -w + 4*a + a = -48. What is the units digit of w?
8
Let l(n) = 60*n**3 + 6*n**2 - 13*n + 17. What is the thousands digit of l(3)?
1
Let t(s) = 46*s**2 - 14*s - 4. Let i be t(-4). Suppose 5*w - 1112 = i. What is the units digit of w?
0
Suppose -65 = -5*b - 4*q, -3*q = 3*b - 5*q - 17. Suppose b*s - 13*s = -980. Suppose -4*j + 1169 = s. What is the units digit of j?
1
Suppose 580907 = 13*n + 36*n + 153235. What is the thousands digit of n?
8
Let h(u) = u**3 + 24*u**2 - 28*u - 84. Let c be h(-25). Let t(d) = -d**3 - 6*d**2 + 13*d + 17. What is the hundreds digit of t(c)?
1
Suppose -2*f + 5*f - 2*r = -1, 5*r = -2*f + 31. Let v be 1/f + (-4928)/(-66). Suppose 3*z + 5*c = 75, 0 = -z + 4*z - 5*c - v. What is the units digit of z?
5
Suppose -45*v - 11507 = -390452. What is the tens digit of v?
2
Let y(g) = 49*g**2 + 3*g - 6. Let z be y(4). Suppose -5*m = 3*q + 598, -4*q - m = 2*m + z. Let c = 310 + q. What is the tens digit of c?
1
Let a(w) = 7*w**3 + 2*w**2 - 3. Let o be a(1). Suppose 5*l - 1854 = -o*i + 4*i, 0 = 4*i - 8. What is the hundreds digit of l?
3
Suppose 4*c = g - 479, 3*g + 1 = 2*g. Let s be (-72)/(-10)*c/18. Let f = s - -143. What is the tens digit of f?
9
Suppose 0 = 882*s - 848*s - 257550. What is the hundreds digit of s?
5
Suppose -15*y = -16*y + 2. Suppose -y*b - 3*b - 2*d + 2524 = 0, 4*b - 2018 = -2*d. Suppose 7*k - 292 = b. What is the units digit of k?
4
What is the hundreds digit of 178/(-7 - 858/(-122))?
4
Let j be -3*((-20)/(-6))/(-5). Suppose 0 = -j*q + 3*x + 1, 3*q + x + 2*x - 9 = 0. Suppose -160 = -2*w + 3*s, q*s - 232 - 8 = -3*w. What is the tens digit of w?
8
Suppose 4*l = 2*l. Suppose l*t + 4*t - 8 = 0. Suppose u + 0*u - 223 = -3*r, t*u - 296 = -4*r. What is the units digit of r?
5
Suppose -7*q = -3*q - 3*i, 2*i = -4*q + 20. Suppose -q*d - 3712 = -4*x, 15*x = 12*x + 5*d + 2795. What is the hundreds digit of x?
9
Let d(y) = -2*y**2 + 5*y - 10. Let n = 37 + -32. Let i be d(n). Let g = i + 74. What is the tens digit of g?
3
Let i(a) = 1901*a**3 + 6*a**2 - 8*a + 5. Let n be i(1). Suppose 0 = j, 2*u + 2*u - 5*j = 24. Suppose -638 + n = u*p. What is the tens digit of p?
1
Let g(j) = -3*j**3 + 3*j**2 + 6*j + 16. Let u be -2 - (0 - (-7 - -4)). What is the units digit of g(u)?
6
Suppose 2*s - 16700 = -0*s. What is the units digit of (6/5)/(20/s)?
1
Let r(b) = -9*b**3 + 6*b**2 - 27*b - 16. Let a(y) = 11*y**3 - 5*y**2 + 28*y + 16. Let n(s) = -5*a(s) - 6*r(s). What is the units digit of n(-15)?
6
Let v(w) = 24*w**3 - 8*w**2 + 60*w - 348. What is the thousands digit of v(7)?
7
Let x be (-740)/(-6) - 10/(-15). Suppose -14 + x = -2*n. What is the tens digit of (616/n)/((-4)/10)?
2
Let p = 149 + 26575. What is the tens digit of p?
2
Let j(a) = -13*a - 31. Let x be j(-11). What is the tens digit of (-1)/(2/(-1347)) - 56/x?
7
What is the hundreds digit of 6/(-13) - (-15900619)/3029?
2
Let d(o) = -9*o**3 + 39*o**2 - 13*o + 410. Let x(i) = 5*i**3 - 20*i**2 + 7*i - 206. Let t(r) = 6*d(r) + 11*x(r). What is the units digit of t(0)?
4
Suppose 7*i - 27301 - 25710 = 0. What is the units digit of i?
3
What is the thousands digit of ((-1)/2*4 - -303)*81?
4
Let x(h) = 21*h + 7525. What is the tens digit of x(-11)?
9
Let x(u) be the second derivative of 73*u**4/12 + u**3 - 13*u**2/2 + 93*u. What is the tens digit of x(4)?
7
Suppose -97129 = -5*i + r + 84387, r = i - 36300. What is the hundreds digit of i?
3
Let o(w) = -3308*w - 1117. What is the units digit of o(-4)?
5
Suppose 41*r + 16*r + 99*r - 775944 = 0. What is the hundreds digit of r?
9
Suppose q + 325 = -5*m - 795, -2*q - 2*m = 2240. Let s = -167 - q. What is the units digit of s?
3
Suppose -8*w + 363 = 331. Suppose -4199 = -8*f + 3*f - 2*t, w*f - t = 3367. What is the hundreds digit of f?
8
Suppose -3*b = n - 30496, 0 = 22*b - 21*b + 3*n - 10160. What is the hundreds digit of b?
1
Let l be 152/32 + (-4)/(-16). Suppose 6*a - w - 1885 = a, 0 = l*w. What is the hundreds digit of a?
3
Let l(r) = 522*r - 447. What is the thousands digit of l(15)?
7
Suppose -c - 96249 = 2840*g - 2844*g, 0 = 4*g + 3*c - 96277. What is the tens digit of g?
6
What is the thousands digit of (-720)/(-108)*1167/2?
3
Let p(m) = 22*m**2 - 529*m + 183*m - 14 + 180*m - m**3 + 177*m. What is the hundreds digit of p(12)?
5
Suppose -9680 = -4*q + 24*n - 29*n, 0 = 2*n + 8. What is the thousands digit of q?
2
Suppose 0*f + 55 = 3*f + h, -4*f + 2*h + 90 = 0. Suppose o = 3*w + f, -3*o - o = -2*w - 60. What is the tens digit of o?
1
Let h(v) = -v**3 + 11*v**2 - 10*v - 2. Let n = -1 - -11. Let i be h(n). What is the units digit of (-342)/(-4) - i/4?
6
Suppose 23*h - 19*h = 1352. Suppose -g = -3*v - 5*g + 336, -5*v + g + 583 = 0. Suppose -114*c + v*c = h. What is the hundreds digit of c?
1
Suppose -13905 + 2999 = -10*c + 27004. What is the thousands digit of c?
3
Let b(m) = -33 + 2*m**2 + 10*m - 27 + 48. What is the units digit of b(18)?
6
Let y(h) = 258*h**3 - 2*h + 2. Let u be 1/((-2)/(-12) - (-249)/(-1602)). Let d = u - 88. What is the tens digit of y(d)?
5
Let o(r) = 3*r**2 + 162*r - 2019. What is the hundreds digit of o(-86)?
2
Let r(u) = u**2 + 10*u + 18. Let g be r(-8). Suppose g*s = -4*s + 564. What is the units digit of s?
4
Suppose 3*m - 5*d + 252 = 48, -5*m - 4*d = 340. Let n = m - -68. Suppose 0 = -t + 5*a + 44, n = -2*t + 3*a + 2 + 100. What is the units digit of t?
4
What is the units digit of 220/15*266652/198?
2
Let q be ((-1)/(22/(-33)))/(1/(-2)). Let y(l) = 25*l**2 + 2*l. Let k be y(-3). What is the units digit of ((-2)/4*2)/(q/k)?
3
Let l(t) = 28 - 34 - 3*t + 3*t**3 - 4*t**3 - 2*t - t**2. Let y be l(0). What is the units digit of (-337)/(-3) - 2*(-1)/y?
2
Suppose 2976 = 64*s - 68*s - 4*c, -4*s - 2*c = 2980. What is the hundreds digit of 5 